 is divided by t(a).
3
Suppose -3 = -3*j - 2*m + 1, 2*j - 11 = -3*m. What is the remainder when 108 is divided by -2*j/16 - (-223)/4?
52
Let a = 44 + -17. What is the remainder when -48*(0 + -2) - (-174 + 171) is divided by a?
18
Suppose -5*w = -13*w + 288. Let d = w + -22. Let s(i) = 19*i - 7. What is the remainder when s(3) is divided by d?
8
Suppose 203*o = 391*o - 220336. Calculate the remainder when o is divided by 237.
224
Let r = -120 + 122. Suppose 2*j = -r*j + 716. Calculate the remainder when j is divided by 12.
11
Suppose -3*h + 200 = 2*w, -14*h = -13*h + 3*w - 76. Calculate the remainder when 371 is divided by h.
51
Let j be (0 - -2) + 0 + 0 + -48. Calculate the remainder when 14 is divided by (-391)/j + (-1)/(-2).
5
Suppose 6325*f - 627 = 6292*f. What is the remainder when 100 is divided by f?
5
Suppose 0 = -87*k + 132*k - 110*k + 975. What is the remainder when 1848 is divided by k?
3
Suppose 0 = 33*g + 137*g - 20*g - 14550. What is the remainder when 545 is divided by g?
60
Let j be 483/(-14)*(-2 + 4). Let x be 23/j + (-2)/(-6). Suppose p - 5*i - 55 = x, -p + 3*p = -i + 55. Calculate the remainder when p is divided by 4.
2
Let s = -75 + 80. Suppose 43 = -3*l - 5*n + 213, s*n + 105 = 2*l. Let f = l - 22. Calculate the remainder when f is divided by 5.
3
Suppose 0 = 11*n - 40*n + 216 + 596. Let h = 42 + -74. Let v = h - -169. Calculate the remainder when v is divided by n.
25
Suppose -4*k + 2*k = -18. Suppose -298 = -28*p + 24*p + 3*s, 4*p = -3*s + 334. Calculate the remainder when p is divided by (k/(-6) - 0)*-6.
7
Suppose 612 = 5*n + r, -2*n - 5*r + r = -234. Let m = n - 112. What is the remainder when m is divided by 3?
2
Suppose -2*x + 2 = -0*x. Let a = -6046 + 6056. Let l = a - x. What is the remainder when 32 is divided by l?
5
Suppose 234665 = 42*x + 50*x - 261491. What is the remainder when x is divided by 62?
61
Let o = -7923 - -8304. Calculate the remainder when o is divided by 190.
1
Let m = 1080 + -843. Calculate the remainder when m is divided by 52.
29
Suppose -4*t = 5*o - 4, 7*t - 2*t - 5 = 5*o. Let n be ((-9)/21)/(1/7). Calculate the remainder when (-2)/(-1) + (1 + n - -4) is divided by t.
0
Let s(m) = -m**2 + 6*m - 53. Let x be s(24). What is the remainder when (-8)/(6 - x/(-80)) is divided by 34?
26
Suppose -u - 5*p - 491 = -3*u, 0 = 4*u - 2*p - 1006. Let g = -196 + u. Calculate the remainder when g is divided by 22.
13
Suppose 0 = 2*y - o - 6925 + 2002, -o = 5*y - 12318. Calculate the remainder when y is divided by 9.
6
Let v(l) = -l**2 - 10*l - 6. Suppose -2*n = 2*k - 184, 2*n + 88*k - 156 = 93*k. Calculate the remainder when n is divided by v(-5).
12
What is the remainder when 4 - (3 - (-7 - (-294 - 4))) is divided by 7?
5
Let a = 737 + -767. Suppose -l + 14 - 4 = 0. Calculate the remainder when 1880/48 - (-5)/a is divided by l.
9
Let a(g) = 18*g**2 - 269*g + 17. Calculate the remainder when 233 is divided by a(15).
9
Suppose s - 6 = -5*s. Suppose 0 = 4*g + 37 - 9. What is the remainder when 3 is divided by -3 - ((-18)/(-21))/(s/g)?
0
Let p = 1159 - 556. Let m = p - 423. What is the remainder when m is divided by 46?
42
Let p = -326 + 342. Suppose -4*d = -z - 5*d + 126, -4*d + p = 0. Let m = 27 - -14. Calculate the remainder when z is divided by m.
40
Suppose 4*n + 424 = d + 3*d, -2*n = d - 91. Calculate the remainder when d is divided by 9.
2
Suppose 5*o - 10*o - 5*j = -4160, 3*j = -o + 826. Suppose 0 = 5*k - 3*l - o, 2*k = l - 4*l + 355. Calculate the remainder when k is divided by 36.
26
Suppose -4159*w - 140 = -4166*w. What is the remainder when 1298 is divided by w?
18
Let c = -1739 + 3032. Suppose 0 = -g - 2*b + 54, -5*b + 66 = 2*g - 40. Calculate the remainder when g is divided by (0 + (-3)/(-2))*17240/c.
18
Let f(l) = l + 6. Let s be f(1). Suppose 4*a = -s*a. Suppose a = 20*j - 18*j - 46. Calculate the remainder when j is divided by 6.
5
Let h(j) = 53*j - 4*j - 26*j + 16. Suppose 12 = y + 1. What is the remainder when h(4) is divided by y?
9
Suppose 52 = u - r, -291*u + 293*u + r - 110 = 0. Suppose c - 17 = 3*z, 0 = -2*c - 5*z + 64 - 8. Calculate the remainder when u is divided by 4/2 + (c - -3).
26
Suppose -5*m - 7*m = -m. Calculate the remainder when 3 + m - 1/(1/(-69)) is divided by 15.
12
Let c(x) = -54*x. Let l be c(1). Let f = -57 - l. Calculate the remainder when 60 is divided by 28/(-4)*(-6 - f).
18
Let w(q) = q**2 - 18*q - 51. Calculate the remainder when 3/(-12) - (-1188)/16 is divided by w(-3).
2
Suppose -1669 + 1241 = -4*c. Calculate the remainder when 203 is divided by c.
96
Suppose 5*n = -5*z + 280, -525*n + 520*n + 40 = 0. Calculate the remainder when 940 is divided by z.
28
Calculate the remainder when 41 is divided by ((-45)/6)/(-3) - (228/(-24) + -5).
7
Suppose 56*s - 481 = 55*s + 2*o, -7*o = -4*s + 1921. What is the remainder when s is divided by 129?
88
Let p(t) = 20*t**3 - t**2. Let d be p(-2). Let u = d - -204. Let w = 35 - 21. Calculate the remainder when u is divided by w.
12
Let c(i) = i**3 - 41*i**2 - 272*i - 126. What is the remainder when 1077 is divided by c(47)?
45
Let a be (-5)/15*-2*9. Suppose -4*i - l - 632 = 0, -632 = 4*i - l + a*l. Let m = 322 + i. Calculate the remainder when m is divided by 33.
32
Let w be (-105)/15*1*-1. Suppose w + 2 = 3*q. Let u = q + 4. What is the remainder when u is divided by 6?
1
Calculate the remainder when 0 - 9 - ((-3888)/(-576))/((-6)/4496) is divided by 266.
261
Let q(j) = -85*j + 10. Let s be q(2). Let c = s - -184. What is the remainder when 46 is divided by c?
22
Calculate the remainder when -11*13/858 + 5498/12 is divided by 110.
18
Let i(l) = 142*l + 2118. What is the remainder when i(-11) is divided by 8?
4
Suppose 0 = -5*r - 91 + 106. Suppose -3*q + 2*y = 6*y - 149, 139 = r*q - y. Calculate the remainder when 140 is divided by q.
46
Let r = 25 - 17. Suppose 111*d - 1131 = 1034 - 722. Calculate the remainder when d is divided by r.
5
Let z(g) = 2*g**3 + 5*g**2 - 4*g + 1. Let x be z(-3). Suppose 93 = x*h + 25. Suppose 2*k + 3*k = 50. What is the remainder when h is divided by k?
7
Let l(o) = -13*o**2 + 2043*o + 54. What is the remainder when l(157) is divided by 28?
4
Suppose -160 = 85*c - 95*c. Calculate the remainder when 200 is divided by c.
8
Let t = -43 + 13. Let z = t - -52. Calculate the remainder when z is divided by (((-16)/12)/(-2))/(11/132) + 1.
4
Suppose 2*h - m = 162, -m - 80 = -4*h + 3*h. Let v = -69 + h. What is the remainder when 348 is divided by v?
10
Let i = 29080 + -29038. What is the remainder when 355 is divided by i?
19
Let i = 296 + 3354. Calculate the remainder when i is divided by 44.
42
Suppose 17416 + 343634 = 396*h + 19*h. What is the remainder when h is divided by 167?
35
Suppose 50 = 41*t - 196. Suppose -6*r + 5*r - 6 = -m, -4*r = m - t. Calculate the remainder when ((-2)/4)/((-2)/104) is divided by m.
2
Let k be -2 - (26/(-6) + (-4)/6). Suppose -m + 86 = 2*i + m, k*i - 121 = m. Calculate the remainder when i is divided by 5.
1
What is the remainder when (-38)/247 + ((-12080)/26)/(-4) is divided by 55?
6
Suppose 2*t - 500 - 102 = 3*r, 0 = -t - 3*r + 274. Calculate the remainder when t is divided by 13.
6
Let w = 17014 - 16499. What is the remainder when w is divided by 117?
47
Let w = 35166 - 35137. Let k(x) = -84*x**3 + 2*x**2 - 1. Calculate the remainder when k(-1) is divided by w.
27
Suppose -6*q + 2*q = 3*w - 36, 2*w + 44 = 3*q. Let p be (-3)/2*32/6. Calculate the remainder when 204/9 + p/12 is divided by q.
10
Suppose -2*d = 4*t - 12713 - 14295, d + 13492 = 2*t. What is the remainder when t is divided by 30?
29
Let g be (52/(-208))/(1/(-248)). Suppose g*p = -10*p + 1296. What is the remainder when 32 is divided by p?
14
Let r = 8 + -31. Let d(m) = -m**3 - 23*m**2 + m + 25. Let h be d(r). What is the remainder when h/((-5)/200*-5) is divided by 5?
1
Let k = 6186 - 4393. Calculate the remainder when k is divided by 31.
26
Let l = -9017 - -9045. Let p(c) = 3*c**2 - 3*c + 2. Calculate the remainder when l is divided by p(2).
4
Suppose 19*o + 6 = 22*o. Let z(r) = 2*r**3 + 4*r - 8. Suppose s - 469 = -5*h - 0*s, -3*s + 12 = 0. What is the remainder when h is divided by z(o)?
13
Let g = 1 + 10. Let p be (-11)/22*0/1. Suppose 79*d - 84*d + 15 = p. Calculate the remainder when g is divided by d.
2
Let